{"id":30,"date":"2016-05-29T19:14:33","date_gmt":"2016-05-29T17:14:33","guid":{"rendered":"http:\/\/publikat.home.amu.edu.pl\/?page_id=30"},"modified":"2016-09-15T19:12:44","modified_gmt":"2016-09-15T17:12:44","slug":"zglos-wlasna-publikacje","status":"publish","type":"page","link":"http:\/\/publikat.home.amu.edu.pl\/?page_id=30","title":{"rendered":"Chcesz wyda\u0107 monografi\u0119?"},"content":{"rendered":"<p>Prosimy o kontakt za pomoc\u0105 poni\u017cszego formularza &#8211; jego wype\u0142nienie pozwoli nam na okre\u015blenie Waszych potrzeb i skontaktowanie si\u0119\u00a0 z Wami w celu finalizacji procesu wydawniczego. W celu usprawnienia ca\u0142ego procesu prosimy o wzi\u0119cie pod uwag\u0119 naszych <a href=\"http:\/\/publikat.home.amu.edu.pl\/wp-content\/uploads\/2016\/05\/WYMOGI-EDYTORSKIE.pdf\">wymog\u00f3w edytorskich<\/a>.<\/p>\n<p><script src=\"https:\/\/form.jotformeu.com\/jsform\/61495369308364\" type=\"text\/javascript\"><\/script><\/p>\n","protected":false},"excerpt":{"rendered":"<p>Prosimy o kontakt za pomoc\u0105 poni\u017cszego formularza &#8211; jego wype\u0142nienie pozwoli nam na okre\u015blenie Waszych potrzeb i skontaktowanie si\u0119\u00a0 z Wami w celu finalizacji procesu wydawniczego. W celu usprawnienia ca\u0142ego procesu prosimy o wzi\u0119cie pod uwag\u0119 naszych wymog\u00f3w edytorskich.<\/p>\n","protected":false},"author":1,"featured_media":0,"parent":0,"menu_order":0,"comment_status":"closed","ping_status":"closed","template":"","meta":[],"_links":{"self":[{"href":"http:\/\/publikat.home.amu.edu.pl\/index.php?rest_route=\/wp\/v2\/pages\/30"}],"collection":[{"href":"http:\/\/publikat.home.amu.edu.pl\/index.php?rest_route=\/wp\/v2\/pages"}],"about":[{"href":"http:\/\/publikat.home.amu.edu.pl\/index.php?rest_route=\/wp\/v2\/types\/page"}],"author":[{"embeddable":true,"href":"http:\/\/publikat.home.amu.edu.pl\/index.php?rest_route=\/wp\/v2\/users\/1"}],"replies":[{"embeddable":true,"href":"http:\/\/publikat.home.amu.edu.pl\/index.php?rest_route=%2Fwp%2Fv2%2Fcomments&post=30"}],"version-history":[{"count":15,"href":"http:\/\/publikat.home.amu.edu.pl\/index.php?rest_route=\/wp\/v2\/pages\/30\/revisions"}],"predecessor-version":[{"id":102,"href":"http:\/\/publikat.home.amu.edu.pl\/index.php?rest_route=\/wp\/v2\/pages\/30\/revisions\/102"}],"wp:attachment":[{"href":"http:\/\/publikat.home.amu.edu.pl\/index.php?rest_route=%2Fwp%2Fv2%2Fmedia&parent=30"}],"curies":[{"name":"wp","href":"https:\/\/api.w.org\/{rel}","templated":true}]}}